
Calculate the remainder when 1694 is divided by 90.
74
Calculate the remainder when 6344 is divided by 399.
359
Calculate the remainder when 366438 is divided by 12.
6
Calculate the remainder when 1960 is divided by 140.
0
What is the remainder when 86902 is divided by 43447?
8
What is the remainder when 90995 is divided by 26?
21
Calculate the remainder when 2487941 is divided by 141.
137
What is the remainder when 15359 is divided by 269?
26
Calculate the remainder when 989169 is divided by 1548.
1545
Calculate the remainder when 94737 is divided by 3383.
13
What is the remainder when 901 is divided by 375?
151
Calculate the remainder when 5633 is divided by 84.
5
What is the remainder when 1429 is divided by 677?
75
Calculate the remainder when 1001 is divided by 140.
21
What is the remainder when 365448 is divided by 121812?
12
What is the remainder when 60924 is divided by 14?
10
Calculate the remainder when 20090 is divided by 5001.
86
Calculate the remainder when 2851 is divided by 672.
163
Calculate the remainder when 8586 is divided by 4264.
58
Calculate the remainder when 480479 is divided by 78.
77
What is the remainder when 10378 is divided by 433?
419
What is the remainder when 426082 is divided by 305?
302
What is the remainder when 5923 is divided by 126?
1
What is the remainder when 8912 is divided by 31?
15
What is the remainder when 17551 is divided by 9?
1
Calculate the remainder when 25859 is divided by 410.
29
What is the remainder when 40206 is divided by 250?
206
What is the remainder when 1222 is divided by 647?
575
What is the remainder when 83143 is divided by 27626?
265
What is the remainder when 4321 is divided by 860?
21
Calculate the remainder when 3324 is divided by 89.
31
Calculate the remainder when 213154 is divided by 445.
444
Calculate the remainder when 583 is divided by 553.
30
Calculate the remainder when 15198 is divided by 4999.
201
Calculate the remainder when 884 is divided by 145.
14
Calculate the remainder when 417635 is divided by 6.
5
What is the remainder when 3863 is divided by 372?
143
What is the remainder when 5742 is divided by 53?
18
Calculate the remainder when 1485 is divided by 524.
437
Calculate the remainder when 208047 is divided by 15.
12
Calculate the remainder when 1043 is divided by 259.
7
What is the remainder when 16106 is divided by 199?
186
Calculate the remainder when 1865 is divided by 1775.
90
What is the remainder when 27111 is divided by 173?
123
Calculate the remainder when 5146 is divided by 82.
62
Calculate the remainder when 3299 is divided by 60.
59
What is the remainder when 3224 is divided by 179?
2
Calculate the remainder when 257409 is divided by 22.
9
What is the remainder when 3276 is divided by 300?
276
Calculate the remainder when 878 is divided by 425.
28
What is the remainder when 476656 is divided by 21?
19
What is the remainder when 1252 is divided by 115?
102
What is the remainder when 11239 is divided by 1862?
67
What is the remainder when 12958 is divided by 2590?
8
Calculate the remainder when 1755 is divided by 331.
100
What is the remainder when 61109 is divided by 26?
9
What is the remainder when 3419 is divided by 312?
299
What is the remainder when 330622 is divided by 2850?
22
Calculate the remainder when 435250 is divided by 21761.
30
What is the remainder when 1075 is divided by 229?
159
Calculate the remainder when 1593836 is divided by 8.
4
What is the remainder when 202883 is divided by 174?
173
What is the remainder when 19686 is divided by 4920?
6
Calculate the remainder when 2460 is divided by 136.
12
Calculate the remainder when 4659 is divided by 2036.
587
What is the remainder when 18395 is divided by 160?
155
Calculate the remainder when 8908 is divided by 40.
28
What is the remainder when 936 is divided by 44?
12
What is the remainder when 1669 is divided by 153?
139
Calculate the remainder when 680872 is divided by 45391.
7
Calculate the remainder when 261 is divided by 242.
19
Calculate the remainder when 23536 is divided by 277.
268
Calculate the remainder when 3406 is divided by 3354.
52
What is the remainder when 7482 is divided by 1061?
55
What is the remainder when 3015 is divided by 345?
255
What is the remainder when 1765 is divided by 6?
1
Calculate the remainder when 11188 is divided by 3726.
10
Calculate the remainder when 7077 is divided by 101.
7
Calculate the remainder when 43903 is divided by 49.
48
What is the remainder when 1573 is divided by 1315?
258
Calculate the remainder when 13277 is divided by 2194.
113
Calculate the remainder when 210844 is divided by 210837.
7
What is the remainder when 2508 is divided by 54?
24
What is the remainder when 12203 is divided by 54?
53
Calculate the remainder when 286704 is divided by 1517.
1508
What is the remainder when 42669 is divided by 7107?
27
Calculate the remainder when 22705 is divided by 3784.
1
What is the remainder when 365381 is divided by 21493?
0
What is the remainder when 1307898 is divided by 85?
3
Calculate the remainder when 2270 is divided by 17.
9
What is the remainder when 47101 is divided by 15697?
10
What is the remainder when 19554 is divided by 1089?
1041
What is the remainder when 19602 is divided by 478?
4
Calculate the remainder when 9280 is divided by 9278.
2
Calculate the remainder when 96573 is divided by 247.
243
Calculate the remainder when 11956 is divided by 664.
4
What is the remainder when 76745 is divided by 307?
302
Calculate the remainder when 3643 is divided by 57.
52
Calculate the remainder when 122541 is divided by 504.
69
Calculate the remainder when 27501 is divided by 26.
19
What is the remainder when 99847 is divided by 832?
7
What is the remainder when 29422 is divided by 29348?
74
Calculate the remainder when 19662 is divided by 3560.
1862
What is the remainder when 3117 is divided by 670?
437
Calculate the remainder when 78391 is divided by 165.
16
Calculate the remainder when 13855 is divided by 6731.
393
What is the remainder when 5805 is divided by 264?
261
Calculate the remainder when 10365 is divided by 321.
93
Calculate the remainder when 33584 is divided by 16785.
14
Calculate the remainder when 3363 is divided by 277.
39
Calculate the remainder when 3886 is divided by 424.
70
Calculate the remainder when 47873 is divided by 73.
58
What is the remainder when 1468 is divided by 164?
156
Calculate the remainder when 2447 is divided by 27.
17
What is the remainder when 119291 is divided by 512?
507
Calculate the remainder when 2538 is divided by 102.
90
What is the remainder when 32608 is divided by 145?
128
What is the remainder when 24645 is divided by 16?
5
Calculate the remainder when 8972 is divided by 4410.
152
What is the remainder when 85875 is divided by 1385?
5
Calculate the remainder when 77944 is divided by 2514.
10
What is the remainder when 9104 is divided by 650?
4
Calculate the remainder when 299050 is divided by 923.
921
What is the remainder when 14983 is divided by 29?
19
Calculate the remainder when 175678 is divided by 122.
120
Calculate the remainder when 76322 is divided by 247.
246
What is the remainder when 546260 is divided by 281?
277
Calculate the remainder when 17861 is divided by 3.
2
Calculate the remainder when 725 is divided by 664.
61
What is the remainder when 900 is divided by 214?
44
Calculate the remainder when 280 is divided by 31.
1
Calculate the remainder when 18239 is divided by 76.
75
Calculate the remainder when 696 is divided by 296.
104
What is the remainder when 361597 is divided by 452?
449
Calculate the remainder when 13867 is divided by 29.
5
What is the remainder when 28983 is divided by 71?
15
Calculate the remainder when 293711 is divided by 8.
7
Calculate the remainder when 460019 is divided by 729.
20
What is the remainder when 199144 is divided by 3212?
0
Calculate the remainder when 4966 is divided by 639.
493
Calculate the remainder when 2429 is divided by 1204.
21
What is the remainder when 39733 is divided by 119?
106
Calculate the remainder when 1034 is divided by 312.
98
Calculate the remainder when 49891 is divided by 4.
3
What is the remainder when 293456 is divided by 69?
68
Calculate the remainder when 72949 is divided by 629.
614
Calculate the remain